 Suppose 3*f + 18 = 3, 58 = 4*p - 2*f. Calculate the highest common divisor of q and p.
12
Suppose -n = -2*n + 4. Let t(m) = m**3 + 8*m**2 - 2*m - 11. Let o be t(-8). Suppose -12 - 28 = -o*k. What is the highest common divisor of k and n?
4
Let u = -18 - -60. What is the highest common factor of u and 84?
42
Suppose -3*r + 27 = -4*m - 21, -r = -4*m - 16. Let b = 12 + -10. Let l be 6/b*(-1760)/(-30). Calculate the greatest common divisor of l and r.
16
Let z(h) = 42*h - 1. Let r be z(-1). Let w = 71 + r. Calculate the highest common factor of w and 14.
14
Suppose 2 = -d - 2*q - 2, q = -4*d + 19. Suppose 0 = -4*n - 3*b, -n = b - d*b. Suppose p - 3*p + 80 = n. What is the highest common divisor of 10 and p?
10
Suppose -h - 15 = -6*h. Suppose x + h*l - 36 = 0, -6*x + 2*l = -x - 95. What is the greatest common factor of x and 42?
21
Let c be (7/2)/(2/8). Let n be 1998/c - 2/(-7). Calculate the greatest common factor of n and 13.
13
Suppose -5*v = -3*r + 2*r + 56, 4*v = -3*r - 60. Let y = 7 + v. Let u = 30 - y. Calculate the greatest common divisor of 7 and u.
7
Let n be (6 - 4) + 43 + 0. Suppose -n = -3*o + 51. What is the greatest common factor of o and 4?
4
Suppose 3*j + 117 = 6*j. Suppose -f = -5*f - 5*h + 84, -5*f + 126 = h. Calculate the greatest common factor of j and f.
13
Let u = 22 - -28. What is the greatest common divisor of u and 75?
25
Suppose 35 = 5*i - x, 0 = -i + 2*x + x + 7. Let g = 26 - i. Suppose 7*s - 2*s - 190 = 0. Calculate the greatest common divisor of s and g.
19
Suppose 0 = -4*z - 3*q + q + 184, 212 = 5*z - 2*q. Let h = 8 + -11. Let n = h - -14. Calculate the greatest common divisor of n and z.
11
Let b(c) be the second derivative of -5/6*c**3 + 1/4*c**4 + 0 + 3*c - 1/2*c**2 + 1/20*c**5. Let y be b(-4). What is the greatest common factor of 3 and y?
3
Suppose -8 = -p - 3*p. Suppose -p = -6*o + 5*o. Calculate the highest common factor of o and 4.
2
Suppose -8 = -4*v + 8, -b + 4*v - 7 = 0. Calculate the greatest common factor of 3 and b.
3
Let d = 114 - 9. Suppose -v + 0 + 15 = 0. Calculate the greatest common divisor of v and d.
15
Suppose 5*q + 121 = 3*x, 27 + 22 = 2*x + 3*q. Let d(b) = b**3 - b**2 + 3*b - 2. Let n be d(2). What is the highest common divisor of n and x?
8
Suppose 0 = u + 4*p - 8, 3*p + 88 = 5*u - p. What is the greatest common divisor of u and 144?
16
Suppose 2*c + 156 = 5*c. Calculate the highest common divisor of 13 and c.
13
Let l be (1/3)/(6/54). Suppose 60 = l*x - 87. Calculate the highest common divisor of 7 and x.
7
Let m(z) be the second derivative of -z**5/20 + z**4/2 - z**3/2 - z**2 - z. Let i be m(5). What is the greatest common factor of 40 and i?
8
Suppose -3*t + 0*t = -165. Calculate the highest common factor of t and 11.
11
Let w be ((-44)/(-11))/(1/4). Calculate the highest common divisor of 176 and w.
16
Suppose -2*o + o = 6. Suppose -m - 4*c - 31 = 2*m, 0 = -3*m + c - 26. Let p = o - m. What is the highest common factor of 33 and p?
3
Let f = 0 + 3. Let c = -1 - -36. Let s be 1 + c + -5 + 2. Calculate the greatest common divisor of f and s.
3
Suppose 2*t - 10 = 0, -4*v + 254 = -v - 2*t. What is the highest common factor of v and 11?
11
Suppose 4*v - 3*v + 76 = 4*w, -6 = -w - 3*v. What is the greatest common factor of 12 and w?
6
Let q be (21 - -5)*(4 - 3). Calculate the greatest common divisor of 26 and q.
26
Let w be -20*2/((-8)/3). Let g(j) = j**2 + 9*j. Let i be g(-9). Suppose -4*h + 501 - 81 = i. Calculate the greatest common factor of w and h.
15
Let v be (-25)/(-3) - 20/60. What is the greatest common divisor of 2 and v?
2
Let x(p) = p**3 + p**2 - 2*p. Let a be x(-2). Suppose a = v - 3*v + 264. Let k(t) = t + 12. Let z be k(0). What is the greatest common divisor of v and z?
12
Let t = 2 - -10. Suppose 20 = -0*r + 4*r. Suppose 150 = r*v - 210. What is the greatest common factor of v and t?
12
Let d = -709 - -481. Let y = 503 + d. What is the highest common factor of y and 25?
25
Suppose 0 - 6 = 3*b. Let u be b/8 + 388/16. What is the highest common factor of u and 6?
6
Let a(n) = n**2 - 4*n - 1. Let g be a(6). What is the greatest common divisor of 99 and g?
11
Let m(l) = l**2 + 10*l. Let x be m(-11). Let k be ((-22)/(-4))/(4/24). What is the highest common divisor of x and k?
11
Let v = -5 + 3. Let b = v - -5. Let j = b - 0. Calculate the greatest common factor of 3 and j.
3
Let r = 117 + -72. What is the highest common factor of r and 15?
15
Let d(i) = -i + 6. Let k be d(-4). Calculate the greatest common factor of 45 and k.
5
Let v(u) = -2*u + 28. Let a be v(4). Calculate the greatest common divisor of a and 8.
4
Let x(p) = 3*p**2 + 7*p + 6. Let k be 6 - (1 + (3 - 1)). Let h = k + -9. Let l be x(h). What is the greatest common divisor of 8 and l?
8
Let r(i) = 10*i**3 + 2*i**2 - 1. Let o be r(1). Let v = 14 - o. Let k = -7 - -10. What is the greatest common divisor of k and v?
3
Suppose 0 = 3*q + 2*q - 3*u - 16, -u = -3*q + 8. Suppose q*p + 45 = r + p, -r + 5*p = -65. Calculate the greatest common factor of 8 and r.
8
Let k = -5 - -6. Let z be (k - -14) + (2 - 4). Calculate the greatest common divisor of z and 117.
13
Let h be 23 + 2*5/10. Calculate the greatest common divisor of h and 156.
12
Let t = 46 + -40. Calculate the highest common factor of t and 78.
6
Let c be (-716)/(-20) - (-2)/10. Suppose -4*h + 24 = -c. Calculate the highest common factor of h and 6.
3
Let n(c) = -4*c - 5. Suppose 0 = 2*v - 5*v - 12. Let l be n(v). Calculate the highest common factor of l and 121.
11
Let f = 81 - 29. Let g = f + -34. Calculate the greatest common divisor of 36 and g.
18
Let l = 9 + -6. Suppose 4*g = 16, 3*t + 2*t - l*g = 68. What is the greatest common divisor of t and 80?
16
Suppose 139*y - 240 = 135*y. Calculate the greatest common factor of 12 and y.
12
Let w be -1 + (-1)/5 + 222/10. Calculate the highest common divisor of 56 and w.
7
Suppose -9*q = -8*q - 64. Suppose -3*c = -8 - 16. Calculate the highest common divisor of q and c.
8
Suppose 5*i - 12 = 2*i. Let x(l) = l**3 - 28*l**2 + 26*l + 31. Let o be x(27). Calculate the greatest common factor of i and o.
4
Suppose 5*t - t - 20 = 0. Let u(g) = -g**3 + 6*g**2 - 2*g - 4. Let z be u(t). Suppose 0 = -18*j + 53 + 2125. What is the greatest common divisor of z and j?
11
Suppose 23 + 69 = 4*g. Calculate the greatest common divisor of g and 92.
23
Suppose z - d = 15, -2*z - 2*d = 3*d - 9. Let i = 27 - 15. What is the greatest common factor of z and i?
12
Suppose -n = -2*i - 2*i + 41, 0 = -3*i + 4*n + 21. Let d = i - 8. Suppose -d*w = -5 - 40. Calculate the greatest common factor of w and 30.
15
Suppose 0 = 3*g - 2*r + 3, -4*g = -0*g - 5*r - 3. Let i = g - -10. Suppose i*d - 52 = 3*d. What is the greatest common divisor of 26 and d?
13
Let x = 12 - 11. Let d(y) = -y + 1. Let o be d(0). What is the highest common divisor of o and x?
1
Let n be 302/12 - ((-1)/6)/(-1). What is the highest common factor of n and 25?
25
Let h = -270 - -390. Let c be 0 - 13/((-52)/h). Calculate the greatest common factor of 45 and c.
15
Let i = 11 + -10. Calculate the greatest common factor of i and 8.
1
Let n be (-170)/(-25)*(-5)/(-2). Calculate the highest common divisor of n and 136.
17
Let o = -23 - -32. Let x be (0 - -1)*(1 + 0). Let k = 2 - x. What is the highest common factor of k and o?
1
Let c = 9 - -4. What is the highest common divisor of 13 and c?
13
Suppose -5*t = -4*a + 82 + 3, -2*a + 44 = -4*t. What is the greatest common divisor of 160 and a?
20
Suppose b - 179 = 8. What is the highest common factor of 17 and b?
17
Let w = -452 + 780. Calculate the greatest common divisor of 41 and w.
41
Suppose 4 = l, -5*l + 3 - 1 = -o. Suppose -4*d - 237 = -5*m - d, -2*m + 3*d = -102. Calculate the highest common divisor of m and o.
9
Let o(n) = 3*n - 1. Let p be -1 + 6 + -1 + 2. Let m be o(p). What is the greatest common divisor of 17 and m?
17
Let d be (2 - 4)*10/(-4). Suppose -d*t - 15 = -10*t. What is the highest common divisor of 3 and t?
3
Suppose -5*g = 4*l - 0 - 2, 3*l + 8 = g. Calculate the highest common divisor of 18 and g.
2
Let v be 2*(387 + 0)/((-8)/(-4)). Calculate the highest common divisor of 43 and v.
43
Suppose 0 = t - 5 + 1. Let a(v) = 54*v - 4. Let p be a(t). Suppose 5*y + p = 2*w + 29, y = 4*w - 393. Calculate the highest common d